ousands digit of 1815?
1
What is the thousands digit of 13695?
3
What is the tens digit of 49468?
6
What is the units digit of 853?
3
What is the tens digit of 2181?
8
What is the hundreds digit of 68878?
8
What is the hundreds digit of 568?
5
What is the units digit of 5372?
2
What is the hundreds digit of 14108?
1
What is the thousands digit of 101044?
1
What is the tens digit of 299?
9
What is the thousands digit of 1169?
1
What is the tens digit of 1621?
2
What is the hundreds digit of 529?
5
What is the hundreds digit of 9806?
8
What is the tens digit of 9677?
7
What is the hundreds digit of 3715?
7
What is the ten thousands digit of 169646?
6
What is the thousands digit of 6237?
6
What is the ten thousands digit of 10329?
1
What is the thousands digit of 2018?
2
What is the tens digit of 446?
4
What is the ten thousands digit of 18643?
1
What is the units digit of 483?
3
What is the thousands digit of 60051?
0
What is the units digit of 827?
7
What is the hundreds digit of 1675?
6
What is the hundreds digit of 11469?
4
What is the units digit of 32467?
7
What is the ten thousands digit of 59510?
5
What is the units digit of 268?
8
What is the hundreds digit of 76628?
6
What is the thousands digit of 2616?
2
What is the units digit of 2477?
7
What is the tens digit of 62062?
6
What is the units digit of 800?
0
What is the units digit of 455?
5
What is the hundreds digit of 1909?
9
What is the hundreds digit of 1081?
0
What is the units digit of 2210?
0
What is the tens digit of 24667?
6
What is the tens digit of 76?
7
What is the ten thousands digit of 98397?
9
What is the thousands digit of 2119?
2
What is the tens digit of 8159?
5
What is the units digit of 24075?
5
What is the thousands digit of 19469?
9
What is the units digit of 7574?
4
What is the tens digit of 2609?
0
What is the thousands digit of 6829?
6
What is the thousands digit of 51480?
1
What is the thousands digit of 24692?
4
What is the tens digit of 32812?
1
What is the thousands digit of 2279?
2
What is the thousands digit of 1132?
1
What is the hundreds digit of 3352?
3
What is the thousands digit of 20432?
0
What is the tens digit of 19595?
9
What is the tens digit of 755?
5
What is the thousands digit of 3653?
3
What is the hundreds digit of 4815?
8
What is the tens digit of 54045?
4
What is the tens digit of 2330?
3
What is the hundreds digit of 1168?
1
What is the thousands digit of 1294?
1
What is the hundreds digit of 38718?
7
What is the tens digit of 1240?
4
What is the thousands digit of 6756?
6
What is the units digit of 508?
8
What is the thousands digit of 49559?
9
What is the tens digit of 2792?
9
What is the tens digit of 809?
0
What is the hundreds digit of 62550?
5
What is the thousands digit of 5069?
5
What is the hundreds digit of 510?
5
What is the thousands digit of 15622?
5
What is the hundreds digit of 238?
2
What is the units digit of 31?
1
What is the hundreds digit of 12388?
3
What is the hundreds digit of 7214?
2
What is the hundreds digit of 131?
1
What is the hundreds digit of 791?
7
What is the hundreds digit of 8900?
9
What is the units digit of 7070?
0
What is the hundreds digit of 3154?
1
What is the tens digit of 2213?
1
What is the tens digit of 2503?
0
What is the hundreds digit of 11781?
7
What is the units digit of 6981?
1
What is the hundreds digit of 5029?
0
What is the hundreds digit of 677?
6
What is the units digit of 5124?
4
What is the hundreds digit of 3703?
7
What is the hundreds digit of 1142?
1
What is the hundreds digit of 157344?
3
What is the units digit of 2746?
6
What is the tens digit of 67516?
1
What is the tens digit of 3820?
2
What is the thousands digit of 6621?
6
What is the units digit of 5512?
2
What is the hundreds digit of 27779?
7
What is the thousands digit of 208173?
8
What is the hundreds digit of 266?
2
What is the hundreds digit of 861?
8
What is the tens digit of 6669?
6
What is the units digit of 4445?
5
What is the tens digit of 3462?
6
What is the units digit of 13336?
6
What is the hundreds digit of 12379?
3
What is the hundreds digit of 88689?
6
What is the hundreds digit of 9551?
5
What is the tens digit of 210?
1
What is the hundreds digit of 3384?
3
What is the hundreds digit of 12584?
5
What is the units digit of 122201?
1
What is the units digit of 1295?
5
What is the tens digit of 7766?
6
What is the ten thousands digit of 86380?
8
What is the thousands digit of 16841?
6
What is the tens digit of 841?
4
What is the thousands digit of 1006?
1
What is the thousands digit of 1165?
1
What is the units digit of 62522?
2
What is the tens digit of 29171?
7
What is the hundreds digit of 12988?
9
What is the thousands digit of 2290?
2
What is the thousands digit of 1014?
1
What is the thousands digit of 21520?
1
What is the units digit of 11801?
1
What is the hundreds digit of 30690?
6
What is the units digit of 82623?
3
What is the hundreds digit of 6874?
8
What is the hundreds digit of 1545?
5
What is the ten thousands digit of 12579?
1
What is the hundreds digit of 695?
6
What is the hundreds digit of 128?
1
What is the units digit of 3835?
5
What is the ten thousands digit of 60560?
6
What is the units digit of 80466?
6
What is the thousands digit of 13626?
3
What is the thousands digit of 19595?
9
What is the thousands digit of 29028?
9
What is the tens digit of 110936?
3
What is the tens digit of 11233?
3
What is the tens digit of 3374?
7
What is the thousands digit of 4910?
4
What is the tens digit of 6197?
9
What is the thousands digit of 7917?
7
What is the hundreds digit of 12273?
2
What is the ten thousands digit of 155253?
5
What is the thousands digit of 51207?
1
What is the ten thousands digit of 113616?
1
What is the units digit of 486?
6
What is the units digit of 87021?
1
What is the thousands digit of 54278?
4
What is the units digit of 313?
3
What is the hundreds digit of 9635?
6
What is the hundreds digit of 832?
8
What is the tens digit of 6512?
1
What is the units digit of 480?
0
What is the thousands digit of 7152?
7
What is the hundreds digit of 64772?
7
What is the units digit of 687?
7
What is the units digit of 37540?
0
What is the tens digit of 707?
0
What is the units digit of 531?
1
What is the hundreds digit of 2698?
6
What is the tens digit of 1215?
1
What is the hundreds digit of 30762?
7
What is the units digit of 14951?
1
What is the units digit of 1067?
7
What is the units digit of 8061?
1
What is the units digit of 3224?
4
What is the units digit of 8323?
3
What is the tens digit of 2325?
2
What is the hundreds digit of 9829?
8
What is the units digit of 262?
2
What is the thousands digit of 1313?
1
What is the thousands digit of 9605?
9
What is the hundreds digit of 2416?
4
What is the tens digit of 1262?
6
What is the hundreds digit of 166715?
7
What is the thousands digit of 116488?
6
What is the hundreds digit of 3110?
1
What is the units digit of 31265?
5
What is the units digit of 3750?
0
What is the hundreds digit of 436?
4
What is the hundreds digit of 490?
4
What is the thousands digit of 1389?
1
What is the hundreds digit of 2714?
7
What is the ten thousands digit of 14918?
1
What is the tens digit of 2774?
7
What is the tens digit of 12?
1
What is the thousands digit of 15964?
5
What is the tens digit of 43350?
5
What is the thousands digit of 19489?
9
What is the hundreds digit of 9772?
7
What is the hundreds digit of 2889?
8
What is the tens digit of 815?
1
What is the thousands digit of 6083?
6
What is the units digit of 4177?
7
What is the hundreds digit of 1356?
3
What is the tens digit of 1943?
4
What is the units digit of 4346?
6
What is the hundred thousands digit of 118036?
1
What is the hundreds digit of 12881?
8
What is the thousands digit of 4244?
4
What is the hundreds digit of 109984?
9
What is the hundreds digit of 67458?
4
What is the thousands digit of 12312?
2
What is the tens digit of 4090?
9
What is the thousands digit of 77508?
7
What is the tens digit of 357?
5
What is the units digit of 786?
6
What is the hundreds digit of 10847?
8
What is the thousands digit of 15357?
5
What is the hundreds digit of 415?
4
What is the hundreds digit of 27754?
7
What is the tens digit of 1571?
7
What is the ten thousands digit of 16805?
1
W